{"id":829,"date":"2025-11-15T11:41:17","date_gmt":"2025-11-15T16:41:17","guid":{"rendered":"https:\/\/retco.com.co\/santarosadelima\/?page_id=829"},"modified":"2025-12-01T14:37:14","modified_gmt":"2025-12-01T19:37:14","slug":"quienes-somos","status":"publish","type":"page","link":"https:\/\/retco.com.co\/santarosadelima\/quienes-somos\/","title":{"rendered":"quienes somos"},"content":{"rendered":"\n<div class=\"wp-block-uagb-info-box uagb-block-ydtdejjd uagb-infobox__content-wrap  uagb-infobox-icon-above-title uagb-infobox-image-valign-top\"><div class=\"uagb-ifb-content\"><div class=\"uagb-ifb-title-wrap\"><h2 class=\"uagb-ifb-title\">Qui\u00e9nes somos<\/h2><\/div><\/div><\/div>\n\n\n\n<div class=\"wp-block-uagb-container uagb-block-sgdae124 alignfull uagb-is-root-container\"><div class=\"uagb-container-inner-blocks-wrap\">\n<div class=\"wp-block-uagb-info-box uagb-block-qxwrrf5g uagb-infobox__content-wrap  uagb-infobox-icon-above-title uagb-infobox-image-valign-top\"><div class=\"uagb-ifb-content\"><div class=\"uagb-ifb-title-wrap\"><p class=\"uagb-ifb-title\">El Centro Cultural Carlos Gamarra, de Santa Rosa de Lima, Norte de Bol\u00edvar, es una instituci\u00f3n de formaci\u00f3n de arte en general donde se tienen diversos programas de formaci\u00f3n, consolidado un importante proceso cultural y educativo en el norte del departamento, contribuyendo al fortalecimiento de la identidad, la convivencia, la construcci\u00f3n de paz y tejido social y la proyecci\u00f3n de arte a nivel nacional por todo el aporte que se est\u00e1 realizando desde la trasmisi\u00f3n de conocimientos y saberes a cada uno de sus estudiantes.<br><br>El centro cultural inicia con la ilusi\u00f3n de impartir conocimiento en arte para las comunidad en general del municipio de santa rosa, como espacio donde se aproveche el tiempo libre en algo productivo para sus vidas, este inicia en el a\u00f1o 2013 cuando un alcalde visionario se da a la tarea de la creaci\u00f3n del mismo con apenas un proceso de m\u00fasica de banda de viento y m\u00fasica tradicional de vallenato en una casa que fue rentada por la alcald\u00eda municipal, esta iniciativa tuvo tan buena acogida por la comunidad que toco en el momento iniciar otros procesos de formaci\u00f3n como el de danza y bandas marcial de paz, todo esto creo la necesidad para que junto a el instituto de cultura y turismo del departamento incluyeran a el municipio de santa rosa en el proyecto de creaci\u00f3n de los centro culturales que se realizar\u00edan en el departamento de bol\u00edvar, lo que fue positivo e inicio la creaci\u00f3n de este templo del arte prototipo el cual fue entregado en el a\u00f1o 2018 tomando primero el nombre de centro cultural y no el de m\u00fasica como se llamar\u00edan inicialmente ya que la mayor\u00eda de los municipios no solo daban procesos de m\u00fasica si no tambi\u00e9n de otras manifestaciones cultural, siendo as\u00ed el de santa rosa se bautizo como Centro Cultural Carlos Gamarra como homenaje a el primer musico y maestro de m\u00fasica de banda de viento representativo del municipio, primero en crear una banda de este tipo de m\u00fasica y que estuvo en varias agrupaciones dejando por alto el nombre del municipio lo cual lo llevo a merecer tener este reconocimiento el cual estuvo inmerso desde la creaci\u00f3n de este espacio con el ACUERDO N\u00ba020 DE AGOSTO 31 DEL 2013.<br><\/p><\/div><\/div><\/div>\n\n\n\n<div class=\"wp-block-uagb-info-box uagb-block-d212pn9a uagb-infobox__content-wrap  uagb-infobox-icon-above-title uagb-infobox-image-valign-top wp-block-uagb-info-box--has-margin\"><div class=\"uagb-infobox-margin-wrapper\"><div class=\"uagb-ifb-content\"><div class=\"uagb-ifb-title-wrap\"><\/div><p class=\"uagb-ifb-desc\">En su entrega estuvo por 6 a\u00f1os en la direcci\u00f3n del maestro y gestor cultural OSNEIDER ISMAEL SALAS ORTEGA, logrando importantes reconocimientos por toda la gesti\u00f3n y procesos adelantado ya que a su cargo inicio el primero proceso de formaci\u00f3n en artes esc\u00e9nicas y artes pl\u00e1sticas en el municipio buscando que la comunidad tuviera mas oportunidad de tener procesos de su preferencia o donde poder explorar en el mundo del arte, se tuvieron articulaciones con empresas privadas en el municipio que nos ayudaron la autosostenibilidad del mismo, como tambi\u00e9n fundaciones presentes en el territorio que en su momento nos facilitaron herramientas como instrumentos para sacar adelante los proceso de formaci\u00f3n. Se lograron participaciones historias en otros municipios, ganadores de reconocimientos por el nivel de nuestros procesos de formaci\u00f3n y a nivel nacional representando la costa caribe en el festival de festivales en Sogamoso Boyac\u00e1 en el cual fueron galardonados como mejor delegaci\u00f3n con una estatua en carb\u00f3n del s\u00edmbolo del sol.&nbsp;<\/p><\/div><\/div><\/div>\n<\/div><\/div>\n\n\n\n<div class=\"wp-block-uagb-separator uagb-block-62482408\"><div class=\"wp-block-uagb-separator__inner\" style=\"--my-background-image:\"><\/div><\/div>\n\n\n\n<div class=\"wp-block-uagb-container uagb-block-7fe9cebd alignfull uagb-is-root-container\"><div class=\"uagb-container-inner-blocks-wrap\">\n<div class=\"wp-block-uagb-info-box uagb-block-6e240078 uagb-infobox__content-wrap  uagb-infobox-icon-above-title uagb-infobox-image-valign-top\"><div class=\"uagb-ifb-content\"><div class=\"uagb-ifb-title-wrap\"><p class=\"uagb-ifb-title\">Fuimos de los pocos espacios culturales que en pandemia frenamos nuestros procesos de formaci\u00f3n ya que desde el centro cultural se inicio un trabajo virtual con nuestros estudiantes, que a pesar de la virtualidad logramos mantener los procesos de formaci\u00f3n a los cuales nunca se les dejo solo, pues se buscaron varias estrategias para que desde sus hogares pudieran seguir su formaci\u00f3n de una forma din\u00e1mica y activa.<br>Cono nuestros procesos de formaci\u00f3n hemos realizado muestras en el auditorio del centro cultural para tener una agenda activa con muchas muestras, como tambi\u00e9n visitas de agrupaciones que en busca de circulaci\u00f3n de sus procesos nos han visitado, ayud\u00e1ndonos tambi\u00e9n a brindar espacios de sano esparcimiento e integraci\u00f3n familiar.<br><\/p><\/div><\/div><\/div>\n\n\n\n<div class=\"wp-block-uagb-info-box uagb-block-56047d54 uagb-infobox__content-wrap  uagb-infobox-icon-above-title uagb-infobox-image-valign-top wp-block-uagb-info-box--has-margin\"><div class=\"uagb-infobox-margin-wrapper\"><div class=\"uagb-ifb-content\"><div class=\"uagb-ifb-title-wrap\"><\/div><p class=\"uagb-ifb-desc\">En el a\u00f1o 2024 el centro cultural cambia la direcci\u00f3n del mismo por el maestro en danzas DELKIN MADERO ZABELETA con la asesor\u00eda de quien fuera el director anterior para darle continuidad a los procesos de formaci\u00f3n y dem\u00e1s que se ven\u00edan adelantando con el toque particular y nuevas ideas que esta aportando el nuevo director para darle din\u00e1mica a el centro cultural el alcalde de turno implemento los programas como modelaje, Dj y animaci\u00f3n y producci\u00f3n musical, &nbsp; esto buscando estar a la vanguardia del tiempo y que todos los ni\u00f1os, ni\u00f1as y j\u00f3venes tengan espacios de experimentar en la manifestaci\u00f3n que les gusta sin olvidarnos de nuestros adultos mayores quienes son parte del grupo de danza DEJANDO HUELLAS DEL ADULTO MAYOR dirigido por el mismo director del centro cultural, grupo con mas de 16 a\u00f1os de trayectoria d\u00e1ndole espacio a estos se\u00f1ores de mostrar su alegr\u00eda y que se sientan vivos.<\/p><\/div><\/div><\/div>\n<\/div><\/div>\n\n\n\n<div class=\"wp-block-uagb-container uagb-block-2kcyxqwo alignfull uagb-is-root-container\"><div class=\"uagb-container-inner-blocks-wrap\">\n<div class=\"wp-block-uagb-container uagb-block-a0advujq\">\n<div class=\"wp-block-uagb-container uagb-block-xwvckmcq\">\n<div class=\"wp-block-uagb-container uagb-block-prtvzl50\">\n<div class=\"wp-block-uagb-advanced-heading uagb-block-4xczkbib\"><h3 class=\"uagb-heading-text\">Nuestra Visi\u00f3n<\/h3><\/div>\n<\/div>\n\n\n\n<div class=\"wp-block-uagb-container uagb-block-u3t63c49\">\n<div class=\"wp-block-uagb-advanced-heading uagb-block-3gcolyok\"><p class=\"uagb-heading-text\">Para el a\u00f1o 2030, el Centro Cultural Carlos Gamarra ser\u00e1 reconocido como un referente regional en gesti\u00f3n cultural comunitaria, inclusiva y sostenible. Aspiramos a consolidarnos como un laboratorio creativo abierto donde los saberes ancestrales y contempor\u00e1neos se entrelazan con las expresiones art\u00edsticas comunitarias. Seremos un espacio de formaci\u00f3n continua, di\u00e1logo intercultural y recuperaci\u00f3n de memoria, contribuyendo activamente al desarrollo cultural del Norte de Bol\u00edvar y a la construcci\u00f3n colectiva de paz.<\/p><\/div>\n<\/div>\n<\/div>\n\n\n\n<div class=\"wp-block-uagb-container uagb-block-6w2lzgww\">\n<div class=\"wp-block-uagb-container uagb-block-jxqtn6ds\">\n<div class=\"wp-block-uagb-advanced-heading uagb-block-2mlzdpak\"><h3 class=\"uagb-heading-text\">Nuestra Misi\u00f3n<\/h3><\/div>\n<\/div>\n\n\n\n<div class=\"wp-block-uagb-container uagb-block-zipatn3t\">\n<div class=\"wp-block-uagb-advanced-heading uagb-block-hzsopgvk\"><p class=\"uagb-heading-text\">Ser un espacio territorial de formaci\u00f3n, encuentro y expresi\u00f3n cultural para la comunidad de Santa Rosa y municipios aleda\u00f1os. Nuestro prop\u00f3sito es promover los derechos culturales, impulsar la diversidad, preservar memorias, identidades y saberes locales, y fortalecer el patrimonio inmaterial y las pr\u00e1cticas art\u00edsticas (m\u00fasica, danza, teatro, artes pl\u00e1sticas), en corresponsabilidad con actores comunitarios, la administraci\u00f3n municipal y entidades regionales como Icultur. Trabajamos con enfoques participativos, inclusivos y descentralizados, contribuyendo al di\u00e1logo intercultural, la equidad y la construcci\u00f3n de cultura de paz \u2014 en l\u00ednea con la Ley 397 de 1997, el Sistema Nacional de Cultura, y los lineamientos del Ministerio de Cultura e Icultur Bol\u00edvar.<\/p><\/div>\n<\/div>\n<\/div>\n<\/div>\n<\/div><\/div>\n","protected":false},"excerpt":{"rendered":"<p>Nuestra Visi\u00f3n Para el a\u00f1o 2030, el Centro Cultural Carlos Gamarra ser\u00e1 reconocido como un referente regional en gesti\u00f3n cultural comunitaria, inclusiva y sostenible. Aspiramos a consolidarnos como un laboratorio creativo abierto donde los saberes ancestrales y contempor\u00e1neos se entrelazan con las expresiones art\u00edsticas comunitarias. Seremos un espacio de formaci\u00f3n continua, di\u00e1logo intercultural y recuperaci\u00f3n [&hellip;]<\/p>\n","protected":false},"author":1,"featured_media":0,"parent":0,"menu_order":0,"comment_status":"closed","ping_status":"closed","template":"","meta":{"_uag_custom_page_level_css":"","site-sidebar-layout":"default","site-content-layout":"","ast-site-content-layout":"default","site-content-style":"default","site-sidebar-style":"default","ast-global-header-display":"","ast-banner-title-visibility":"","ast-main-header-display":"","ast-hfb-above-header-display":"","ast-hfb-below-header-display":"","ast-hfb-mobile-header-display":"","site-post-title":"disabled","ast-breadcrumbs-content":"","ast-featured-img":"","footer-sml-layout":"","theme-transparent-header-meta":"","adv-header-id-meta":"","stick-header-meta":"","header-above-stick-meta":"","header-main-stick-meta":"","header-below-stick-meta":"","astra-migrate-meta-layouts":"set","ast-page-background-enabled":"default","ast-page-background-meta":{"desktop":{"background-color":"var(--ast-global-color-4)","background-image":"","background-repeat":"repeat","background-position":"center center","background-size":"auto","background-attachment":"scroll","background-type":"","background-media":"","overlay-type":"","overlay-color":"","overlay-opacity":"","overlay-gradient":""},"tablet":{"background-color":"","background-image":"","background-repeat":"repeat","background-position":"center center","background-size":"auto","background-attachment":"scroll","background-type":"","background-media":"","overlay-type":"","overlay-color":"","overlay-opacity":"","overlay-gradient":""},"mobile":{"background-color":"","background-image":"","background-repeat":"repeat","background-position":"center center","background-size":"auto","background-attachment":"scroll","background-type":"","background-media":"","overlay-type":"","overlay-color":"","overlay-opacity":"","overlay-gradient":""}},"ast-content-background-meta":{"desktop":{"background-color":"var(--ast-global-color-5)","background-image":"","background-repeat":"repeat","background-position":"center center","background-size":"auto","background-attachment":"scroll","background-type":"","background-media":"","overlay-type":"","overlay-color":"","overlay-opacity":"","overlay-gradient":""},"tablet":{"background-color":"var(--ast-global-color-5)","background-image":"","background-repeat":"repeat","background-position":"center center","background-size":"auto","background-attachment":"scroll","background-type":"","background-media":"","overlay-type":"","overlay-color":"","overlay-opacity":"","overlay-gradient":""},"mobile":{"background-color":"var(--ast-global-color-5)","background-image":"","background-repeat":"repeat","background-position":"center center","background-size":"auto","background-attachment":"scroll","background-type":"","background-media":"","overlay-type":"","overlay-color":"","overlay-opacity":"","overlay-gradient":""}},"footnotes":""},"class_list":["post-829","page","type-page","status-publish","hentry"],"aioseo_notices":[],"_hostinger_reach_plugin_has_subscription_block":false,"_hostinger_reach_plugin_is_elementor":false,"uagb_featured_image_src":{"full":false,"thumbnail":false,"medium":false,"medium_large":false,"large":false,"1536x1536":false,"2048x2048":false},"uagb_author_info":{"display_name":"retco.org@gmail.com","author_link":"https:\/\/retco.com.co\/santarosadelima\/author\/retco-orggmail-com\/"},"uagb_comment_info":0,"uagb_excerpt":"Nuestra Visi\u00f3n Para el a\u00f1o 2030, el Centro Cultural Carlos Gamarra ser\u00e1 reconocido como un referente regional en gesti\u00f3n cultural comunitaria, inclusiva y sostenible. Aspiramos a consolidarnos como un laboratorio creativo abierto donde los saberes ancestrales y contempor\u00e1neos se entrelazan con las expresiones art\u00edsticas comunitarias. Seremos un espacio de formaci\u00f3n continua, di\u00e1logo intercultural y recuperaci\u00f3n&hellip;","_links":{"self":[{"href":"https:\/\/retco.com.co\/santarosadelima\/wp-json\/wp\/v2\/pages\/829","targetHints":{"allow":["GET"]}}],"collection":[{"href":"https:\/\/retco.com.co\/santarosadelima\/wp-json\/wp\/v2\/pages"}],"about":[{"href":"https:\/\/retco.com.co\/santarosadelima\/wp-json\/wp\/v2\/types\/page"}],"author":[{"embeddable":true,"href":"https:\/\/retco.com.co\/santarosadelima\/wp-json\/wp\/v2\/users\/1"}],"replies":[{"embeddable":true,"href":"https:\/\/retco.com.co\/santarosadelima\/wp-json\/wp\/v2\/comments?post=829"}],"version-history":[{"count":4,"href":"https:\/\/retco.com.co\/santarosadelima\/wp-json\/wp\/v2\/pages\/829\/revisions"}],"predecessor-version":[{"id":926,"href":"https:\/\/retco.com.co\/santarosadelima\/wp-json\/wp\/v2\/pages\/829\/revisions\/926"}],"wp:attachment":[{"href":"https:\/\/retco.com.co\/santarosadelima\/wp-json\/wp\/v2\/media?parent=829"}],"curies":[{"name":"wp","href":"https:\/\/api.w.org\/{rel}","templated":true}]}}