{"id":62,"date":"2025-11-14T17:55:56","date_gmt":"2025-11-14T22:55:56","guid":{"rendered":"https:\/\/retco.com.co\/pamplona\/about\/"},"modified":"2025-11-17T17:58:35","modified_gmt":"2025-11-17T22:58:35","slug":"quienes-somos","status":"publish","type":"page","link":"https:\/\/retco.com.co\/pamplona\/quienes-somos\/","title":{"rendered":"Qui\u00e9nes somos"},"content":{"rendered":"\n<div class=\"wp-block-uagb-container uagb-block-0kftkgmt alignfull uagb-is-root-container\"><div class=\"uagb-container-inner-blocks-wrap\">\n<div class=\"wp-block-uagb-container uagb-block-a9rw063s\">\n<div class=\"wp-block-uagb-info-box uagb-block-up90ipfc uagb-infobox__content-wrap  uagb-infobox-icon-above-title uagb-infobox-image-valign-top\"><div class=\"uagb-ifb-content\"><div class=\"uagb-ifb-title-wrap\"><h2 class=\"uagb-ifb-title\">Antecedentes<\/h2><\/div><p class=\"uagb-ifb-desc\">Fundada por Luis Chac\u00f3n Hern\u00e1ndez, jurista, abogado y music\u00f3logo en la vivienda que fue propiedad del expresidente Ram\u00f3n Gonz\u00e1lez Valencia en el a\u00f1o de 1944 con el decreto No 056 expedido por el Gobernador Alfredo Lamus Gir\u00f3n. De all\u00ed, conocida la casa tambi\u00e9n como Centro Cultural Ram\u00f3n Gonz\u00e1lez Valencia.<br><br>Despu\u00e9s de un tiempo, se compr\u00f3 el predio y a partir del a\u00f1o 1963 asume la direcci\u00f3n de la escuela el maestro Maestro Manuel Espinel Calder\u00f3n y en 1970 asume la direcci\u00f3n la Maestra Carmen Chac\u00f3n Hern\u00e1ndez, quien adem\u00e1s ense\u00f1o piano, hasta el a\u00f1o de 1996 aproximadamente. En 1977 dirigi\u00f3 la escuela el maestro Calos Julio Rey y en 1985 asume la direcci\u00f3n Cruz Delina Jauregui hasta el a\u00f1o 1993.<br><br>En 1981, se funda la Escuela Oriol Rangel bajo la direcci\u00f3n de Ciro Antonio Rinc\u00f3n la cual funcion\u00f3 simult\u00e1neamente con la escuela de formaci\u00f3n de arte y pintura en el Centro Cultural Ram\u00f3n Gonz\u00e1lez Valencia. Grandes maestros de la escena musical nortesantandereana hicieron parte de la escuela como, por ejemplo:<\/p><\/div><\/div>\n<\/div>\n\n\n\n<div class=\"wp-block-uagb-container uagb-block-0f7hctbg\">\n<div class=\"wp-block-uagb-image alignleft uagb-block-pyuyahzx wp-block-uagb-image--layout-default wp-block-uagb-image--effect-static wp-block-uagb-image--align-left\"><figure class=\"wp-block-uagb-image__figure\"><img decoding=\"async\" srcset=\"https:\/\/retco.com.co\/pamplona\/wp-content\/uploads\/sites\/20\/2025\/11\/IMG_20250704_102912-768x1024.jpg ,https:\/\/retco.com.co\/pamplona\/wp-content\/uploads\/sites\/20\/2025\/11\/IMG_20250704_102912-scaled.jpg 780w, https:\/\/retco.com.co\/pamplona\/wp-content\/uploads\/sites\/20\/2025\/11\/IMG_20250704_102912-scaled.jpg 360w\" sizes=\"auto, (max-width: 480px) 150px\" src=\"https:\/\/retco.com.co\/pamplona\/wp-content\/uploads\/sites\/20\/2025\/11\/IMG_20250704_102912-768x1024.jpg\" alt=\"img 20250704 102912\" class=\"uag-image-880\" width=\"270\" height=\"360\" title=\"img 20250704 102912\" loading=\"lazy\" role=\"img\"\/><\/figure><\/div>\n\n\n\n<div class=\"wp-block-uagb-image alignleft uagb-block-4gwteiq9 wp-block-uagb-image--layout-default wp-block-uagb-image--effect-static wp-block-uagb-image--align-left\"><figure class=\"wp-block-uagb-image__figure\"><img decoding=\"async\" srcset=\"https:\/\/retco.com.co\/pamplona\/wp-content\/uploads\/sites\/20\/2025\/11\/IMG_20250923_090546-1024x768.jpg ,https:\/\/retco.com.co\/pamplona\/wp-content\/uploads\/sites\/20\/2025\/11\/IMG_20250923_090546-scaled.jpg 780w, https:\/\/retco.com.co\/pamplona\/wp-content\/uploads\/sites\/20\/2025\/11\/IMG_20250923_090546-scaled.jpg 360w\" sizes=\"auto, (max-width: 480px) 150px\" src=\"https:\/\/retco.com.co\/pamplona\/wp-content\/uploads\/sites\/20\/2025\/11\/IMG_20250923_090546-1024x768.jpg\" alt=\"img 20250923 090546\" class=\"uag-image-882\" width=\"270\" height=\"360\" title=\"img 20250923 090546\" loading=\"lazy\" role=\"img\"\/><\/figure><\/div>\n<\/div>\n<\/div><\/div>\n\n\n\n<div class=\"wp-block-uagb-container uagb-block-1ndilfi8 alignfull uagb-is-root-container\"><div class=\"uagb-container-inner-blocks-wrap\">\n<div data-aos= \"fade-left\" data-aos-duration=\"400\" data-aos-delay=\"0\" data-aos-easing=\"ease\" data-aos-once=\"true\" class=\"wp-block-uagb-icon-list uagb-block-14d5b423\"><div class=\"uagb-icon-list__wrap\">\n<div class=\"wp-block-uagb-icon-list-child uagb-block-8eb04f3b\"><span class=\"uagb-icon-list__source-wrap\"><svg xmlns=\"https:\/\/www.w3.org\/2000\/svg\" viewBox=\"0 0 512 512\"><path d=\"M256 0C114.6 0 0 114.6 0 256c0 141.4 114.6 256 256 256s256-114.6 256-256C512 114.6 397.4 0 256 0zM406.6 278.6l-103.1 103.1c-12.5 12.5-32.75 12.5-45.25 0s-12.5-32.75 0-45.25L306.8 288H128C110.3 288 96 273.7 96 256s14.31-32 32-32h178.8l-49.38-49.38c-12.5-12.5-12.5-32.75 0-45.25s32.75-12.5 45.25 0l103.1 103.1C414.6 241.3 416 251.1 416 256C416 260.9 414.6 270.7 406.6 278.6z\"><\/path><\/svg><\/span><span class=\"uagb-icon-list__label\">Trist\u00e1n Arbel\u00e1ez Mendoza<\/span><\/div>\n\n\n\n<div class=\"wp-block-uagb-icon-list-child uagb-block-b3e250d4\"><span class=\"uagb-icon-list__source-wrap\"><svg xmlns=\"https:\/\/www.w3.org\/2000\/svg\" viewBox=\"0 0 512 512\"><path d=\"M256 0C114.6 0 0 114.6 0 256c0 141.4 114.6 256 256 256s256-114.6 256-256C512 114.6 397.4 0 256 0zM406.6 278.6l-103.1 103.1c-12.5 12.5-32.75 12.5-45.25 0s-12.5-32.75 0-45.25L306.8 288H128C110.3 288 96 273.7 96 256s14.31-32 32-32h178.8l-49.38-49.38c-12.5-12.5-12.5-32.75 0-45.25s32.75-12.5 45.25 0l103.1 103.1C414.6 241.3 416 251.1 416 256C416 260.9 414.6 270.7 406.6 278.6z\"><\/path><\/svg><\/span><span class=\"uagb-icon-list__label\">Ciro Calder\u00f3n<\/span><\/div>\n\n\n\n<div class=\"wp-block-uagb-icon-list-child uagb-block-896e24ee\"><span class=\"uagb-icon-list__source-wrap\"><svg xmlns=\"https:\/\/www.w3.org\/2000\/svg\" viewBox=\"0 0 512 512\"><path d=\"M256 0C114.6 0 0 114.6 0 256c0 141.4 114.6 256 256 256s256-114.6 256-256C512 114.6 397.4 0 256 0zM406.6 278.6l-103.1 103.1c-12.5 12.5-32.75 12.5-45.25 0s-12.5-32.75 0-45.25L306.8 288H128C110.3 288 96 273.7 96 256s14.31-32 32-32h178.8l-49.38-49.38c-12.5-12.5-12.5-32.75 0-45.25s32.75-12.5 45.25 0l103.1 103.1C414.6 241.3 416 251.1 416 256C416 260.9 414.6 270.7 406.6 278.6z\"><\/path><\/svg><\/span><span class=\"uagb-icon-list__label\">Hernando Leal Landaz\u00e1bal<\/span><\/div>\n\n\n\n<div class=\"wp-block-uagb-icon-list-child uagb-block-d661afbc\"><span class=\"uagb-icon-list__source-wrap\"><svg xmlns=\"https:\/\/www.w3.org\/2000\/svg\" viewBox=\"0 0 512 512\"><path d=\"M256 0C114.6 0 0 114.6 0 256c0 141.4 114.6 256 256 256s256-114.6 256-256C512 114.6 397.4 0 256 0zM406.6 278.6l-103.1 103.1c-12.5 12.5-32.75 12.5-45.25 0s-12.5-32.75 0-45.25L306.8 288H128C110.3 288 96 273.7 96 256s14.31-32 32-32h178.8l-49.38-49.38c-12.5-12.5-12.5-32.75 0-45.25s32.75-12.5 45.25 0l103.1 103.1C414.6 241.3 416 251.1 416 256C416 260.9 414.6 270.7 406.6 278.6z\"><\/path><\/svg><\/span><span class=\"uagb-icon-list__label\">Miguel Duarte<\/span><\/div>\n\n\n\n<div class=\"wp-block-uagb-icon-list-child uagb-block-be9640a2\"><span class=\"uagb-icon-list__source-wrap\"><svg xmlns=\"https:\/\/www.w3.org\/2000\/svg\" viewBox=\"0 0 512 512\"><path d=\"M256 0C114.6 0 0 114.6 0 256c0 141.4 114.6 256 256 256s256-114.6 256-256C512 114.6 397.4 0 256 0zM406.6 278.6l-103.1 103.1c-12.5 12.5-32.75 12.5-45.25 0s-12.5-32.75 0-45.25L306.8 288H128C110.3 288 96 273.7 96 256s14.31-32 32-32h178.8l-49.38-49.38c-12.5-12.5-12.5-32.75 0-45.25s32.75-12.5 45.25 0l103.1 103.1C414.6 241.3 416 251.1 416 256C416 260.9 414.6 270.7 406.6 278.6z\"><\/path><\/svg><\/span><span class=\"uagb-icon-list__label\">Pedro Cote<\/span><\/div>\n\n\n\n<div class=\"wp-block-uagb-icon-list-child uagb-block-99630a5d\"><span class=\"uagb-icon-list__source-wrap\"><svg xmlns=\"https:\/\/www.w3.org\/2000\/svg\" viewBox=\"0 0 512 512\"><path d=\"M256 0C114.6 0 0 114.6 0 256c0 141.4 114.6 256 256 256s256-114.6 256-256C512 114.6 397.4 0 256 0zM406.6 278.6l-103.1 103.1c-12.5 12.5-32.75 12.5-45.25 0s-12.5-32.75 0-45.25L306.8 288H128C110.3 288 96 273.7 96 256s14.31-32 32-32h178.8l-49.38-49.38c-12.5-12.5-12.5-32.75 0-45.25s32.75-12.5 45.25 0l103.1 103.1C414.6 241.3 416 251.1 416 256C416 260.9 414.6 270.7 406.6 278.6z\"><\/path><\/svg><\/span><span class=\"uagb-icon-list__label\">Horacio Ortega<\/span><\/div>\n\n\n\n<div class=\"wp-block-uagb-icon-list-child uagb-block-ef33a56e\"><span class=\"uagb-icon-list__source-wrap\"><svg xmlns=\"https:\/\/www.w3.org\/2000\/svg\" viewBox=\"0 0 512 512\"><path d=\"M256 0C114.6 0 0 114.6 0 256c0 141.4 114.6 256 256 256s256-114.6 256-256C512 114.6 397.4 0 256 0zM406.6 278.6l-103.1 103.1c-12.5 12.5-32.75 12.5-45.25 0s-12.5-32.75 0-45.25L306.8 288H128C110.3 288 96 273.7 96 256s14.31-32 32-32h178.8l-49.38-49.38c-12.5-12.5-12.5-32.75 0-45.25s32.75-12.5 45.25 0l103.1 103.1C414.6 241.3 416 251.1 416 256C416 260.9 414.6 270.7 406.6 278.6z\"><\/path><\/svg><\/span><span class=\"uagb-icon-list__label\">Ciro Contreras<\/span><\/div>\n\n\n\n<div class=\"wp-block-uagb-icon-list-child uagb-block-12e3469d\"><span class=\"uagb-icon-list__source-wrap\"><svg xmlns=\"https:\/\/www.w3.org\/2000\/svg\" viewBox=\"0 0 512 512\"><path d=\"M256 0C114.6 0 0 114.6 0 256c0 141.4 114.6 256 256 256s256-114.6 256-256C512 114.6 397.4 0 256 0zM406.6 278.6l-103.1 103.1c-12.5 12.5-32.75 12.5-45.25 0s-12.5-32.75 0-45.25L306.8 288H128C110.3 288 96 273.7 96 256s14.31-32 32-32h178.8l-49.38-49.38c-12.5-12.5-12.5-32.75 0-45.25s32.75-12.5 45.25 0l103.1 103.1C414.6 241.3 416 251.1 416 256C416 260.9 414.6 270.7 406.6 278.6z\"><\/path><\/svg><\/span><span class=\"uagb-icon-list__label\">Ciro Leal<\/span><\/div>\n<\/div><\/div>\n\n\n\n<div class=\"wp-block-uagb-info-box uagb-block-bb2fd2d6 uagb-infobox__content-wrap  uagb-infobox-icon-above-title uagb-infobox-image-valign-top\"><div class=\"uagb-ifb-content\"><div class=\"uagb-ifb-title-wrap\"><\/div><p class=\"uagb-ifb-desc\">Con el decreto 015 de septiembre de 2005 inicia la era del Centro Cultural Ram\u00f3n Gonz\u00e1lez Valencia y as\u00ed se institucionalizan las Escuelas de Formaci\u00f3n Art\u00edstica y<br>Cultural de Pamplona bajo la direcci\u00f3n y supervisi\u00f3n del Instituto de Cultura y Turismo de Pamplona. Actualmente, se desarrollan las \u00e1reas de: cuerdas pulsadas, banda escuela, iniciaci\u00f3n musical y coros. Tambi\u00e9n se imparten las \u00e1reas de teatro, danza, t\u00edteres y artes manuales.<br><\/p><\/div><\/div>\n<\/div><\/div>\n\n\n\n<div class=\"wp-block-uagb-container uagb-block-9f5db31c alignfull uagb-is-root-container\"><div class=\"uagb-container-inner-blocks-wrap\">\n<div class=\"wp-block-uagb-container uagb-layout-grid uagb-block-fe6825b8\">\n<div class=\"wp-block-uagb-advanced-heading uagb-block-7113bb44\"><h6 class=\"uagb-heading-text\"><strong>OBJETIVOS O ENFOQUE PEDAG\u00d3GICO Y\/O ART\u00cdSTICO<\/strong><\/h6><\/div>\n\n\n\n<div class=\"wp-block-uagb-advanced-heading uagb-block-98e1d011\"><p class=\"uagb-heading-text\">La escuela se crea en el a\u00f1o 1944 con el prop\u00f3sito de impartir la ense\u00f1anza de m\u00fasica y pintura a todos los ni\u00f1os de la zona urbana de Pamplona, sin embargo, para el a\u00f1o 2005 con la restructuraci\u00f3n mediante acuerdo municipal se estable la Escuela de Formaci\u00f3n Artistica y Cultural de Pamplona con el firme prop\u00f3sito de ense\u00f1ar de manera gratuita el arte y la cultura, de manera gratuita, e informal a ni\u00f1os, j\u00f3venes y adultos de Pamplona.<\/p><\/div>\n<\/div>\n\n\n\n<div class=\"wp-block-uagb-separator uagb-block-8e39672a\"><div class=\"wp-block-uagb-separator__inner\" style=\"--my-background-image:\"><\/div><\/div>\n\n\n\n<div class=\"wp-block-uagb-container uagb-layout-grid uagb-block-529a042e\">\n<div class=\"wp-block-uagb-advanced-heading uagb-block-24def4c2\"><h6 class=\"uagb-heading-text\"><strong><strong>LOGROS, RECONOCIMIENTOS O PROYECTOS DESTACADOS<\/strong><\/strong><\/h6><\/div>\n\n\n\n<div class=\"wp-block-uagb-advanced-heading uagb-block-3b8db3f5\"><p class=\"uagb-heading-text\">Primer Puesto en el Concurso de Bandas de Paipa, en el a\u00f1o de 1983. Participaci\u00f3n en distintos festivales y encuentros en Norte de Santander.<br><br>Actualmente, se acaba de restaurar y recuperar el banco de partituras de la Banda Municipal y se encuentra albergado en el Museo Casa Colonial.<\/p><\/div>\n<\/div>\n\n\n\n<div class=\"wp-block-uagb-separator uagb-block-feb1df61\"><div class=\"wp-block-uagb-separator__inner\" style=\"--my-background-image:\"><\/div><\/div>\n\n\n\n<div class=\"wp-block-uagb-container uagb-layout-grid uagb-block-d845affd\">\n<div class=\"wp-block-uagb-advanced-heading uagb-block-bf3e6e41\"><h6 class=\"uagb-heading-text\"><strong><strong><strong>IMPACTO O RELACI\u00d3N CON LA COMUNIDAD<\/strong><\/strong><\/strong><\/h6><\/div>\n\n\n\n<div class=\"wp-block-uagb-advanced-heading uagb-block-93ebef89\"><p class=\"uagb-heading-text\">La escuela se car\u00e1cter gratuito, abierta a todas las propuestas de origen comunitario y colectivo. <br><br>Actualmente, se cuenta con 286 usuarios en las distintas \u00e1reas. Se realizan proyectos de  Extenci\u00f3n a las zonas rurales de Pamplona y se suministran presentaciones y\/o conciertos para las instituciones educativas.<\/p><\/div>\n<\/div>\n<\/div><\/div>\n","protected":false},"excerpt":{"rendered":"<p>OBJETIVOS O ENFOQUE PEDAG\u00d3GICO Y\/O ART\u00cdSTICO La escuela se crea en el a\u00f1o 1944 con el prop\u00f3sito de impartir la ense\u00f1anza de m\u00fasica y pintura a todos los ni\u00f1os de la zona urbana de Pamplona, sin embargo, para el a\u00f1o 2005 con la restructuraci\u00f3n mediante acuerdo municipal se estable la Escuela de Formaci\u00f3n Artistica y [&hellip;]<\/p>\n","protected":false},"author":1,"featured_media":0,"parent":0,"menu_order":0,"comment_status":"closed","ping_status":"closed","template":"","meta":{"_uag_custom_page_level_css":"","site-sidebar-layout":"no-sidebar","site-content-layout":"plain-container","ast-site-content-layout":"normal-width-container","site-content-style":"unboxed","site-sidebar-style":"unboxed","ast-global-header-display":"","ast-banner-title-visibility":"","ast-main-header-display":"","ast-hfb-above-header-display":"","ast-hfb-below-header-display":"","ast-hfb-mobile-header-display":"","site-post-title":"disabled","ast-breadcrumbs-content":"","ast-featured-img":"","footer-sml-layout":"","theme-transparent-header-meta":"default","adv-header-id-meta":"","stick-header-meta":"","header-above-stick-meta":"","header-main-stick-meta":"","header-below-stick-meta":"","astra-migrate-meta-layouts":"set","ast-page-background-enabled":"default","ast-page-background-meta":{"desktop":{"background-color":"var(--ast-global-color-4)","background-image":"","background-repeat":"repeat","background-position":"center center","background-size":"auto","background-attachment":"scroll","background-type":"","background-media":"","overlay-type":"","overlay-color":"","overlay-opacity":"","overlay-gradient":""},"tablet":{"background-color":"","background-image":"","background-repeat":"repeat","background-position":"center center","background-size":"auto","background-attachment":"scroll","background-type":"","background-media":"","overlay-type":"","overlay-color":"","overlay-opacity":"","overlay-gradient":""},"mobile":{"background-color":"","background-image":"","background-repeat":"repeat","background-position":"center center","background-size":"auto","background-attachment":"scroll","background-type":"","background-media":"","overlay-type":"","overlay-color":"","overlay-opacity":"","overlay-gradient":""}},"ast-content-background-meta":{"desktop":{"background-color":"var(--ast-global-color-5)","background-image":"","background-repeat":"repeat","background-position":"center center","background-size":"auto","background-attachment":"scroll","background-type":"","background-media":"","overlay-type":"","overlay-color":"","overlay-opacity":"","overlay-gradient":""},"tablet":{"background-color":"var(--ast-global-color-5)","background-image":"","background-repeat":"repeat","background-position":"center center","background-size":"auto","background-attachment":"scroll","background-type":"","background-media":"","overlay-type":"","overlay-color":"","overlay-opacity":"","overlay-gradient":""},"mobile":{"background-color":"var(--ast-global-color-5)","background-image":"","background-repeat":"repeat","background-position":"center center","background-size":"auto","background-attachment":"scroll","background-type":"","background-media":"","overlay-type":"","overlay-color":"","overlay-opacity":"","overlay-gradient":""}},"footnotes":""},"class_list":["post-62","page","type-page","status-publish","hentry"],"aioseo_notices":[],"_hostinger_reach_plugin_has_subscription_block":false,"_hostinger_reach_plugin_is_elementor":false,"uagb_featured_image_src":{"full":false,"thumbnail":false,"medium":false,"medium_large":false,"large":false,"1536x1536":false,"2048x2048":false},"uagb_author_info":{"display_name":"retco.org@gmail.com","author_link":"https:\/\/retco.com.co\/pamplona\/author\/retco-orggmail-com\/"},"uagb_comment_info":0,"uagb_excerpt":"OBJETIVOS O ENFOQUE PEDAG\u00d3GICO Y\/O ART\u00cdSTICO La escuela se crea en el a\u00f1o 1944 con el prop\u00f3sito de impartir la ense\u00f1anza de m\u00fasica y pintura a todos los ni\u00f1os de la zona urbana de Pamplona, sin embargo, para el a\u00f1o 2005 con la restructuraci\u00f3n mediante acuerdo municipal se estable la Escuela de Formaci\u00f3n Artistica y&hellip;","_links":{"self":[{"href":"https:\/\/retco.com.co\/pamplona\/wp-json\/wp\/v2\/pages\/62","targetHints":{"allow":["GET"]}}],"collection":[{"href":"https:\/\/retco.com.co\/pamplona\/wp-json\/wp\/v2\/pages"}],"about":[{"href":"https:\/\/retco.com.co\/pamplona\/wp-json\/wp\/v2\/types\/page"}],"author":[{"embeddable":true,"href":"https:\/\/retco.com.co\/pamplona\/wp-json\/wp\/v2\/users\/1"}],"replies":[{"embeddable":true,"href":"https:\/\/retco.com.co\/pamplona\/wp-json\/wp\/v2\/comments?post=62"}],"version-history":[{"count":18,"href":"https:\/\/retco.com.co\/pamplona\/wp-json\/wp\/v2\/pages\/62\/revisions"}],"predecessor-version":[{"id":885,"href":"https:\/\/retco.com.co\/pamplona\/wp-json\/wp\/v2\/pages\/62\/revisions\/885"}],"wp:attachment":[{"href":"https:\/\/retco.com.co\/pamplona\/wp-json\/wp\/v2\/media?parent=62"}],"curies":[{"name":"wp","href":"https:\/\/api.w.org\/{rel}","templated":true}]}}