{"id":1431,"date":"2026-04-06T16:20:50","date_gmt":"2026-04-06T21:20:50","guid":{"rendered":"https:\/\/retco.com.co\/ciudadbolivar\/?page_id=1431"},"modified":"2026-04-14T12:27:35","modified_gmt":"2026-04-14T17:27:35","slug":"fundamentacion","status":"publish","type":"page","link":"https:\/\/retco.com.co\/ciudadbolivar\/fundamentacion\/","title":{"rendered":"fundamentacion"},"content":{"rendered":"\n<div data-aos= \"zoom-in\" data-aos-duration=\"400\" data-aos-delay=\"0\" data-aos-easing=\"ease\" data-aos-once=\"true\" class=\"wp-block-uagb-container uagb-block-kfmmyiqo alignfull uagb-is-root-container\"><div class=\"uagb-container-inner-blocks-wrap\">\n<div class=\"wp-block-uagb-info-box uagb-block-ofsw5uus uagb-infobox__content-wrap  uagb-infobox-icon-above-title uagb-infobox-image-valign-top\"><div class=\"uagb-ifb-content\"><div class=\"uagb-ifb-title-wrap\"><h1 class=\"uagb-ifb-title\">Fundamentaci\u00f3n Musical<\/h1><\/div><p class=\"uagb-ifb-desc\"><strong>La fundamentaci\u00f3n musical es el proceso educativo mediante el cual se desarrollan las bases del conocimiento musical, tanto te\u00f3ricas como pr\u00e1cticas. Este proceso se adapta seg\u00fan la edad, los intereses y el ritmo de aprendizaje de cada persona, ya sea en ni\u00f1os o adultos.<\/strong><br>Se centra en construir habilidades esenciales como:<br><strong>Ritmo:<\/strong> comprensi\u00f3n del pulso, figuras r\u00edtmicas y coordinaci\u00f3n.<br><strong>Melod\u00eda:<\/strong> reconocimiento de sonidos, alturas y entonaci\u00f3n.<br><strong>Armon\u00eda:<\/strong> relaciones entre acordes y sonidos simult\u00e1neos.<br><strong>Lectoescritura musical:<\/strong> lectura y escritura de partituras.<br><strong>Apreciaci\u00f3n musical:<\/strong> escucha activa y an\u00e1lisis de diferentes estilos.<br><strong>Expresi\u00f3n corporal y vocal:<\/strong> uso del cuerpo y la voz como instrumentos.<\/p><\/div><\/div>\n\n\n\n<div class=\"wp-block-uagb-container uagb-block-gdtx3jfo\">\n<div class=\"wp-block-uagb-image alignleft uagb-block-d56otnjb wp-block-uagb-image--layout-default wp-block-uagb-image--effect-static wp-block-uagb-image--align-left\"><figure class=\"wp-block-uagb-image__figure\"><img decoding=\"async\" srcset=\"https:\/\/retco.com.co\/ciudadbolivar\/wp-content\/uploads\/sites\/8\/2026\/04\/20260309_183126_11-1024x576.jpg ,https:\/\/retco.com.co\/ciudadbolivar\/wp-content\/uploads\/sites\/8\/2026\/04\/20260309_183126_11-scaled.jpg 780w, https:\/\/retco.com.co\/ciudadbolivar\/wp-content\/uploads\/sites\/8\/2026\/04\/20260309_183126_11-scaled.jpg 360w\" sizes=\"auto, (max-width: 480px) 150px\" src=\"https:\/\/retco.com.co\/ciudadbolivar\/wp-content\/uploads\/sites\/8\/2026\/04\/20260309_183126_11-1024x576.jpg\" alt=\"20260309 183126 (1)[1]\" class=\"uag-image-1499\" width=\"282\" height=\"382\" title=\"20260309 183126 (1)[1]\" loading=\"lazy\" role=\"img\" \/><\/figure><\/div>\n\n\n\n<div class=\"wp-block-uagb-image aligncenter uagb-block-c0horepr wp-block-uagb-image--layout-default wp-block-uagb-image--effect-static wp-block-uagb-image--align-center alignleft\"><figure class=\"wp-block-uagb-image__figure\"><img decoding=\"async\" srcset=\"https:\/\/retco.com.co\/ciudadbolivar\/wp-content\/uploads\/sites\/8\/2026\/04\/20260219_151114_1_21-706x1024.jpg ,https:\/\/retco.com.co\/ciudadbolivar\/wp-content\/uploads\/sites\/8\/2026\/04\/20260219_151114_1_21.jpg 780w, https:\/\/retco.com.co\/ciudadbolivar\/wp-content\/uploads\/sites\/8\/2026\/04\/20260219_151114_1_21.jpg 360w\" sizes=\"auto, (max-width: 480px) 150px\" src=\"https:\/\/retco.com.co\/ciudadbolivar\/wp-content\/uploads\/sites\/8\/2026\/04\/20260219_151114_1_21-706x1024.jpg\" alt=\"20260219 151114 1 21 706x1024\" class=\"uag-image-1546\" width=\"282\" height=\"420\" title=\"fundamentacion\" loading=\"lazy\" role=\"presentation\"><\/figure><\/div>\n\n\n\n<div class=\"wp-block-uagb-image alignleft uagb-block-2ope02oz wp-block-uagb-image--layout-default wp-block-uagb-image--effect-static wp-block-uagb-image--align-left\"><figure class=\"wp-block-uagb-image__figure\"><img decoding=\"async\" srcset=\"https:\/\/retco.com.co\/ciudadbolivar\/wp-content\/uploads\/sites\/8\/2026\/04\/20260212_162723_-_Copia1-1-662x1024.jpg ,https:\/\/retco.com.co\/ciudadbolivar\/wp-content\/uploads\/sites\/8\/2026\/04\/20260212_162723_-_Copia1-1.jpg 780w, https:\/\/retco.com.co\/ciudadbolivar\/wp-content\/uploads\/sites\/8\/2026\/04\/20260212_162723_-_Copia1-1.jpg 360w\" sizes=\"auto, (max-width: 480px) 150px\" src=\"https:\/\/retco.com.co\/ciudadbolivar\/wp-content\/uploads\/sites\/8\/2026\/04\/20260212_162723_-_Copia1-1-662x1024.jpg\" alt=\"20260212 162723 copia[1]\" class=\"uag-image-1547\" width=\"282\" height=\"370\" title=\"20260212 162723 copia[1]\" loading=\"lazy\" role=\"img\" \/><\/figure><\/div>\n\n\n\n<div class=\"wp-block-uagb-image alignleft uagb-block-qmsk44eo wp-block-uagb-image--layout-default wp-block-uagb-image--effect-static wp-block-uagb-image--align-left\"><figure class=\"wp-block-uagb-image__figure\"><img decoding=\"async\" srcset=\"https:\/\/retco.com.co\/ciudadbolivar\/wp-content\/uploads\/sites\/8\/2026\/04\/20260212_151224_-_Copia1-1-752x1024.jpg ,https:\/\/retco.com.co\/ciudadbolivar\/wp-content\/uploads\/sites\/8\/2026\/04\/20260212_151224_-_Copia1-1.jpg 780w, https:\/\/retco.com.co\/ciudadbolivar\/wp-content\/uploads\/sites\/8\/2026\/04\/20260212_151224_-_Copia1-1.jpg 360w\" sizes=\"auto, (max-width: 480px) 150px\" src=\"https:\/\/retco.com.co\/ciudadbolivar\/wp-content\/uploads\/sites\/8\/2026\/04\/20260212_151224_-_Copia1-1-752x1024.jpg\" alt=\"20260212 151224 copia[1]\" class=\"uag-image-1548\" width=\"282\" height=\"420\" title=\"20260212 151224 copia[1]\" loading=\"lazy\" role=\"img\" \/><\/figure><\/div>\n<\/div>\n<\/div><\/div>\n\n\n\n<div class=\"wp-block-uagb-container uagb-block-msejcgfq alignfull uagb-is-root-container\"><div class=\"uagb-container-inner-blocks-wrap\">\n<div class=\"wp-block-uagb-container uagb-block-kayx9sns\">\n<div class=\"wp-block-uagb-container uagb-block-jesloeoj\">\n<div data-aos= \"zoom-in\" data-aos-duration=\"400\" data-aos-delay=\"0\" data-aos-easing=\"ease\" data-aos-once=\"true\" class=\"wp-block-uagb-info-box uagb-block-lyjizwsj uagb-infobox__content-wrap  uagb-infobox-icon-above-title uagb-infobox-image-valign-top\"><div class=\"uagb-ifb-content\"><div class=\"uagb-ifb-title-wrap\"><h2 class=\"uagb-ifb-title\">Edades<\/h2><\/div><\/div><\/div>\n<\/div>\n<\/div>\n\n\n\n<div class=\"wp-block-uagb-container uagb-block-2udoxsjs\">\n<div data-aos= \"zoom-in\" data-aos-duration=\"400\" data-aos-delay=\"0\" data-aos-easing=\"ease\" data-aos-once=\"true\" class=\"wp-block-uagb-container uagb-block-4x2xbuhx\">\n<div class=\"wp-block-uagb-info-box uagb-block-6eddtzt4 uagb-infobox__content-wrap  uagb-infobox-icon-above-title uagb-infobox-image-valign-top\"><div class=\"uagb-ifb-content\"><div class=\"uagb-ifb-title-wrap\"><h3 class=\"uagb-ifb-title\">Ni\u00f1os<\/h3><\/div><p class=\"uagb-ifb-desc\"><strong>La escuela de m\u00fasica desarrolla su proceso de fundamentaci\u00f3n musical dirigido a ni\u00f1os entre los 5 y los 9 a\u00f1os de edad, etapa considerada fundamental para el desarrollo sensorial, cognitivo y expresivo. Durante este periodo, los estudiantes se encuentran en una fase de alta receptividad al aprendizaje musical, lo que permite fortalecer habilidades como el sentido r\u00edtmico, la percepci\u00f3n auditiva, la memoria y la coordinaci\u00f3n.<\/strong><\/p><\/div><\/div>\n<\/div>\n\n\n\n<div data-aos= \"zoom-in\" data-aos-duration=\"400\" data-aos-delay=\"0\" data-aos-easing=\"ease\" data-aos-once=\"true\" class=\"wp-block-uagb-container uagb-block-0hjjxdti\">\n<div class=\"wp-block-uagb-info-box uagb-block-xejcvwsb uagb-infobox__content-wrap  uagb-infobox-icon-above-title uagb-infobox-image-valign-top\"><div class=\"uagb-ifb-content\"><div class=\"uagb-ifb-title-wrap\"><h3 class=\"uagb-ifb-title\"><font dir=\"auto\" style=\"vertical-align: inherit\"><font dir=\"auto\" style=\"vertical-align: inherit\">Adultos<\/font><\/font><\/h3><\/div><p class=\"uagb-ifb-desc\"><strong>La escuela de m\u00fasica ofrece el programa de fundamentaci\u00f3n musical para adultos a partir de la mayor\u00eda de edad, dirigido a personas desde los 18 a\u00f1os en adelante. Este proceso est\u00e1 dise\u00f1ado para adaptarse a los intereses y objetivos de cada estudiante, permitiendo el desarrollo progresivo de habilidades musicales tanto te\u00f3ricas como pr\u00e1cticas. A trav\u00e9s de un enfoque estructurado y flexible, los adultos pueden iniciarse en la m\u00fasica o fortalecer sus conocimientos, integrando la lectura musical, la t\u00e9cnica y la interpretaci\u00f3n seg\u00fan sus necesidades.<\/strong><\/p><\/div><\/div>\n<\/div>\n<\/div>\n<\/div><\/div>\n\n\n\n<div data-aos= \"zoom-in\" data-aos-duration=\"400\" data-aos-delay=\"0\" data-aos-easing=\"ease\" data-aos-once=\"true\" class=\"wp-block-uagb-container uagb-block-q8ggabtf alignfull uagb-is-root-container\"><div class=\"uagb-container-inner-blocks-wrap\"><\/div><\/div>\n\n\n\n<div class=\"wp-block-uagb-container uagb-block-mozyejyk alignfull uagb-is-root-container\"><div class=\"uagb-container-inner-blocks-wrap\">\n<div data-aos= \"zoom-in\" data-aos-duration=\"400\" data-aos-delay=\"0\" data-aos-easing=\"ease\" data-aos-once=\"true\" class=\"wp-block-uagb-container uagb-block-cbqsj1x8\">\n<div class=\"wp-block-uagb-info-box uagb-block-7ubtmp3d uagb-infobox__content-wrap  uagb-infobox-icon-left uagb-infobox-left uagb-infobox-image-valign-top\"><div class=\"uagb-ifb-icon-wrap\"><div class=\"uagb-iconbox-icon-wrap uagb-infobox-shape-circle\"><\/div><\/div><div class=\"uagb-ifb-content\"><div class=\"uagb-ifb-title-wrap\"><h3 class=\"uagb-ifb-title\">86<\/h3><\/div><p class=\"uagb-ifb-desc\">Ni\u00f1os<\/p><\/div><\/div>\n\n\n\n<div class=\"wp-block-uagb-info-box uagb-block-paatcj9w uagb-infobox__content-wrap  uagb-infobox-icon-left uagb-infobox-left uagb-infobox-image-valign-top\"><div class=\"uagb-ifb-icon-wrap\"><div class=\"uagb-iconbox-icon-wrap uagb-infobox-shape-circle\"><\/div><\/div><div class=\"uagb-ifb-content\"><div class=\"uagb-ifb-title-wrap\"><h3 class=\"uagb-ifb-title\">42<\/h3><\/div><p class=\"uagb-ifb-desc\">Adultos<\/p><\/div><\/div>\n\n\n\n<div class=\"wp-block-uagb-info-box uagb-block-mtdtaabn uagb-infobox__content-wrap  uagb-infobox-icon-left uagb-infobox-left uagb-infobox-image-valign-top\"><div class=\"uagb-ifb-icon-wrap\"><div class=\"uagb-iconbox-icon-wrap uagb-infobox-shape-circle\"><\/div><\/div><div class=\"uagb-ifb-content\"><div class=\"uagb-ifb-title-wrap\"><h3 class=\"uagb-ifb-title\">128<\/h3><\/div><p class=\"uagb-ifb-desc\">Total<\/p><\/div><\/div>\n<\/div>\n<\/div><\/div>\n\n\n\n<div data-aos= \"zoom-in\" data-aos-duration=\"400\" data-aos-delay=\"0\" data-aos-easing=\"ease\" data-aos-once=\"true\" class=\"wp-block-uagb-container uagb-block-u6hds9aj alignfull uagb-is-root-container\"><div class=\"uagb-container-inner-blocks-wrap\">\n<div class=\"wp-block-uagb-info-box uagb-block-zjf3oazp uagb-infobox__content-wrap  uagb-infobox-icon-above-title uagb-infobox-image-valign-top\"><div class=\"uagb-ifb-content\"><div class=\"uagb-ifb-title-wrap\"><p class=\"uagb-ifb-title-prefix\"><strong><font dir=\"auto\" style=\"vertical-align: inherit\"><font dir=\"auto\" style=\"vertical-align: inherit\">Opiniones de nuestros <\/font><\/font>ALUMNOS<\/strong><\/p><h2 class=\"uagb-ifb-title\"><font dir=\"auto\" style=\"vertical-align: inherit\"><font dir=\"auto\" style=\"vertical-align: inherit\">Testimonios<\/font><\/font><\/h2><\/div><p class=\"uagb-ifb-desc\"><font dir=\"auto\" style=\"vertical-align: inherit\"><font dir=\"auto\" style=\"vertical-align: inherit\">Descubre lo que nuestros estudiantes satisfechos tienen que decir sobre su <\/font><\/font><br><font dir=\"auto\" style=\"vertical-align: inherit\"><font dir=\"auto\" style=\"vertical-align: inherit\">experiencia con <\/font><\/font>la m\u00fasica.<\/p><\/div><\/div>\n\n\n\n<div class=\"wp-block-uagb-container uagb-block-trsldi4k\">\n<div class=\"wp-block-uagb-container uagb-block-lvbnkgcf\">\n<div class=\"wp-block-uagb-star-rating uagb-block-ug6n8h1n\"><div class=\"uag-star-rating\" title=\"5\/5\"><span class=\"uag-star\">\u2605<\/span><span class=\"uag-star\">\u2605<\/span><span class=\"uag-star\">\u2605<\/span><span class=\"uag-star\">\u2605<\/span><span class=\"uag-star\">\u2605<\/span><\/div><\/div>\n\n\n\n<div class=\"wp-block-uagb-info-box uagb-block-zz0hfkje uagb-infobox__content-wrap  uagb-infobox-icon-above-title uagb-infobox-image-valign-top\"><div class=\"uagb-ifb-content\"><div class=\"uagb-ifb-title-wrap\"><\/div><p class=\"uagb-ifb-desc\">Exceptional service! This company goes above and beyond to meet their customers&#8217; needs. I couldn&#8217;t be happier with the results.<\/p><\/div><\/div>\n\n\n\n<div class=\"wp-block-uagb-info-box uagb-block-3jzpkwj8 uagb-infobox__content-wrap  uagb-infobox-icon-above-title uagb-infobox-image-valign-top\"><div class=\"uagb-ifb-content\"><div class=\"uagb-ifb-image-content\"><img decoding=\"async\" src=\"https:\/\/retco.com.co\/ciudadbolivar\/wp-content\/uploads\/sites\/8\/2026\/04\/testimonial-skip-06.jpg\" alt=\"Testimonial Skip 06\" width=\"60\" height=\"60\" loading=\"lazy\" title=\"fundamentacion\"><\/div><div class=\"uagb-ifb-title-wrap\"><p class=\"uagb-ifb-title\"><font dir=\"auto\" style=\"vertical-align: inherit\"><font dir=\"auto\" style=\"vertical-align: inherit\">Su cliente 1<\/font><\/font><\/p><\/div><\/div><\/div>\n<\/div>\n\n\n\n<div class=\"wp-block-uagb-container uagb-block-ff35icxp\">\n<div class=\"wp-block-uagb-star-rating uagb-block-m2sqbote\"><div class=\"uag-star-rating\" title=\"5\/5\"><span class=\"uag-star\">\u2605<\/span><span class=\"uag-star\">\u2605<\/span><span class=\"uag-star\">\u2605<\/span><span class=\"uag-star\">\u2605<\/span><span class=\"uag-star\">\u2605<\/span><\/div><\/div>\n\n\n\n<div class=\"wp-block-uagb-info-box uagb-block-soogdpvy uagb-infobox__content-wrap  uagb-infobox-icon-above-title uagb-infobox-image-valign-top\"><div class=\"uagb-ifb-content\"><div class=\"uagb-ifb-title-wrap\"><\/div><p class=\"uagb-ifb-desc\">Outstanding quality and professionalism. I&#8217;ve been a loyal customer for years and have never been disappointed.<\/p><\/div><\/div>\n\n\n\n<div class=\"wp-block-uagb-info-box uagb-block-5i2a0knh uagb-infobox__content-wrap  uagb-infobox-icon-above-title uagb-infobox-image-valign-top\"><div class=\"uagb-ifb-content\"><div class=\"uagb-ifb-image-content\"><img decoding=\"async\" src=\"https:\/\/retco.com.co\/ciudadbolivar\/wp-content\/uploads\/sites\/8\/2026\/04\/testimonial-skip-08.jpg\" alt=\"Testimonial Skip 08\" width=\"60\" height=\"60\" loading=\"lazy\" title=\"fundamentacion\"><\/div><div class=\"uagb-ifb-title-wrap\"><p class=\"uagb-ifb-title\">Your Client 2<\/p><\/div><\/div><\/div>\n<\/div>\n\n\n\n<div class=\"wp-block-uagb-container uagb-block-3syqb5jw\">\n<div class=\"wp-block-uagb-star-rating uagb-block-wq4mxvkk\"><div class=\"uag-star-rating\" title=\"5\/5\"><span class=\"uag-star\">\u2605<\/span><span class=\"uag-star\">\u2605<\/span><span class=\"uag-star\">\u2605<\/span><span class=\"uag-star\">\u2605<\/span><span class=\"uag-star\">\u2605<\/span><\/div><\/div>\n\n\n\n<div class=\"wp-block-uagb-info-box uagb-block-leycic7d uagb-infobox__content-wrap  uagb-infobox-icon-above-title uagb-infobox-image-valign-top\"><div class=\"uagb-ifb-content\"><div class=\"uagb-ifb-title-wrap\"><\/div><p class=\"uagb-ifb-desc\">Reliable and trustworthy. I highly recommend this business to anyone looking for top-notch products\/services.<\/p><\/div><\/div>\n\n\n\n<div class=\"wp-block-uagb-info-box uagb-block-iunp3ixq uagb-infobox__content-wrap  uagb-infobox-icon-above-title uagb-infobox-image-valign-top\"><div class=\"uagb-ifb-content\"><div class=\"uagb-ifb-image-content\"><img decoding=\"async\" src=\"https:\/\/retco.com.co\/ciudadbolivar\/wp-content\/uploads\/sites\/8\/2026\/04\/testimonial-skip-07.jpg\" alt=\"Testimonial Skip 07\" width=\"60\" height=\"60\" loading=\"lazy\" title=\"fundamentacion\"><\/div><div class=\"uagb-ifb-title-wrap\"><p class=\"uagb-ifb-title\">Your Client 3<\/p><\/div><\/div><\/div>\n<\/div>\n<\/div>\n<\/div><\/div>\n\n\n\n<div data-aos= \"zoom-in\" data-aos-duration=\"400\" data-aos-delay=\"0\" data-aos-easing=\"ease\" data-aos-once=\"true\" class=\"wp-block-uagb-container uagb-block-efsh389t alignfull uagb-is-root-container\"><div class=\"uagb-container-inner-blocks-wrap\"><\/div><\/div>\n\n\n\n<p><\/p>\n","protected":false},"excerpt":{"rendered":"","protected":false},"author":10,"featured_media":0,"parent":0,"menu_order":0,"comment_status":"closed","ping_status":"closed","template":"","meta":{"_uag_custom_page_level_css":"","site-sidebar-layout":"default","site-content-layout":"","ast-site-content-layout":"default","site-content-style":"default","site-sidebar-style":"default","ast-global-header-display":"","ast-banner-title-visibility":"","ast-main-header-display":"","ast-hfb-above-header-display":"","ast-hfb-below-header-display":"","ast-hfb-mobile-header-display":"","site-post-title":"disabled","ast-breadcrumbs-content":"","ast-featured-img":"","footer-sml-layout":"","theme-transparent-header-meta":"","adv-header-id-meta":"","stick-header-meta":"","header-above-stick-meta":"","header-main-stick-meta":"","header-below-stick-meta":"","astra-migrate-meta-layouts":"set","ast-page-background-enabled":"default","ast-page-background-meta":{"desktop":{"background-color":"var(--ast-global-color-4)","background-image":"","background-repeat":"repeat","background-position":"center center","background-size":"auto","background-attachment":"scroll","background-type":"","background-media":"","overlay-type":"","overlay-color":"","overlay-opacity":"","overlay-gradient":""},"tablet":{"background-color":"","background-image":"","background-repeat":"repeat","background-position":"center center","background-size":"auto","background-attachment":"scroll","background-type":"","background-media":"","overlay-type":"","overlay-color":"","overlay-opacity":"","overlay-gradient":""},"mobile":{"background-color":"","background-image":"","background-repeat":"repeat","background-position":"center center","background-size":"auto","background-attachment":"scroll","background-type":"","background-media":"","overlay-type":"","overlay-color":"","overlay-opacity":"","overlay-gradient":""}},"ast-content-background-meta":{"desktop":{"background-color":"var(--ast-global-color-5)","background-image":"","background-repeat":"repeat","background-position":"center center","background-size":"auto","background-attachment":"scroll","background-type":"","background-media":"","overlay-type":"","overlay-color":"","overlay-opacity":"","overlay-gradient":""},"tablet":{"background-color":"var(--ast-global-color-5)","background-image":"","background-repeat":"repeat","background-position":"center center","background-size":"auto","background-attachment":"scroll","background-type":"","background-media":"","overlay-type":"","overlay-color":"","overlay-opacity":"","overlay-gradient":""},"mobile":{"background-color":"var(--ast-global-color-5)","background-image":"","background-repeat":"repeat","background-position":"center center","background-size":"auto","background-attachment":"scroll","background-type":"","background-media":"","overlay-type":"","overlay-color":"","overlay-opacity":"","overlay-gradient":""}},"footnotes":""},"class_list":["post-1431","page","type-page","status-publish","hentry"],"aioseo_notices":[],"_hostinger_reach_plugin_has_subscription_block":false,"_hostinger_reach_plugin_is_elementor":false,"uagb_featured_image_src":{"full":false,"thumbnail":false,"medium":false,"medium_large":false,"large":false,"1536x1536":false,"2048x2048":false},"uagb_author_info":{"display_name":"andresfernandom","author_link":"https:\/\/retco.com.co\/ciudadbolivar\/author\/andresfernandom\/"},"uagb_comment_info":0,"uagb_excerpt":null,"_links":{"self":[{"href":"https:\/\/retco.com.co\/ciudadbolivar\/wp-json\/wp\/v2\/pages\/1431","targetHints":{"allow":["GET"]}}],"collection":[{"href":"https:\/\/retco.com.co\/ciudadbolivar\/wp-json\/wp\/v2\/pages"}],"about":[{"href":"https:\/\/retco.com.co\/ciudadbolivar\/wp-json\/wp\/v2\/types\/page"}],"author":[{"embeddable":true,"href":"https:\/\/retco.com.co\/ciudadbolivar\/wp-json\/wp\/v2\/users\/10"}],"replies":[{"embeddable":true,"href":"https:\/\/retco.com.co\/ciudadbolivar\/wp-json\/wp\/v2\/comments?post=1431"}],"version-history":[{"count":16,"href":"https:\/\/retco.com.co\/ciudadbolivar\/wp-json\/wp\/v2\/pages\/1431\/revisions"}],"predecessor-version":[{"id":1584,"href":"https:\/\/retco.com.co\/ciudadbolivar\/wp-json\/wp\/v2\/pages\/1431\/revisions\/1584"}],"wp:attachment":[{"href":"https:\/\/retco.com.co\/ciudadbolivar\/wp-json\/wp\/v2\/media?parent=1431"}],"curies":[{"name":"wp","href":"https:\/\/api.w.org\/{rel}","templated":true}]}}